{"id":4122,"date":"2026-03-04T16:31:11","date_gmt":"2026-03-04T19:31:11","guid":{"rendered":"http:\/\/nahoranoticias.com\/?page_id=4122"},"modified":"2026-03-04T16:37:52","modified_gmt":"2026-03-04T19:37:52","slug":"cachoeira-alta-go","status":"publish","type":"page","link":"https:\/\/nahoranoticias.com\/?page_id=4122","title":{"rendered":"Cachoeira Alta-GO"},"content":{"rendered":"\n<p class=\"wp-block-paragraph\">AQUISI\u00c7\u00c3O DE ROLO COMPACTADOR, PARA ATENDER AS NECESSIDADES DA SECRETARIA DE OBRAS E SERVI\u00c7OS URBANOS, CONFORME ESPECIFICA\u00c7\u00d5ES DESCRITAS NO TERMO DE REFER\u00caNCIA<\/p>\n\n\n\n<p class=\"wp-block-paragraph\">MUNIC\u00cdPIO DE CACHOEIRA ALTA<\/p>\n\n\n\n<div class=\"wp-block-buttons is-content-justification-center is-layout-flex wp-container-core-buttons-is-layout-fe48e5de wp-block-buttons-is-layout-flex\">\n<div class=\"wp-block-button\"><a class=\"wp-block-button__link has-white-color has-black-background-color has-text-color has-background has-link-color wp-element-button\" href=\"https:\/\/api.centi.com.br\/portal\/v2\/documento\/go\/cachoeiraalta\/download\/P0GE$Z58teX\/EDITAL_PE_06_ROLO_COMPACTADOR.PDF\">Click aqui e acesse o edital<\/a><\/div>\n<\/div>\n\n\n\n<p class=\"wp-block-paragraph\"><\/p>\n","protected":false},"excerpt":{"rendered":"<p>AQUISI\u00c7\u00c3O DE ROLO COMPACTADOR, PARA ATENDER AS NECESSIDADES DA SECRETARIA DE OBRAS E SERVI\u00c7OS URBANOS, CONFORME ESPECIFICA\u00c7\u00d5ES DESCRITAS NO TERMO&hellip;<\/p>\n","protected":false},"author":1,"featured_media":0,"parent":0,"menu_order":0,"comment_status":"closed","ping_status":"closed","template":"","meta":{"_crdt_document":"","footnotes":""},"class_list":["post-4122","page","type-page","status-publish","hentry"],"_links":{"self":[{"href":"https:\/\/nahoranoticias.com\/index.php?rest_route=\/wp\/v2\/pages\/4122","targetHints":{"allow":["GET"]}}],"collection":[{"href":"https:\/\/nahoranoticias.com\/index.php?rest_route=\/wp\/v2\/pages"}],"about":[{"href":"https:\/\/nahoranoticias.com\/index.php?rest_route=\/wp\/v2\/types\/page"}],"author":[{"embeddable":true,"href":"https:\/\/nahoranoticias.com\/index.php?rest_route=\/wp\/v2\/users\/1"}],"replies":[{"embeddable":true,"href":"https:\/\/nahoranoticias.com\/index.php?rest_route=%2Fwp%2Fv2%2Fcomments&post=4122"}],"version-history":[{"count":4,"href":"https:\/\/nahoranoticias.com\/index.php?rest_route=\/wp\/v2\/pages\/4122\/revisions"}],"predecessor-version":[{"id":4128,"href":"https:\/\/nahoranoticias.com\/index.php?rest_route=\/wp\/v2\/pages\/4122\/revisions\/4128"}],"wp:attachment":[{"href":"https:\/\/nahoranoticias.com\/index.php?rest_route=%2Fwp%2Fv2%2Fmedia&parent=4122"}],"curies":[{"name":"wp","href":"https:\/\/api.w.org\/{rel}","templated":true}]}}